{"id":2488,"date":"2025-06-27T15:00:46","date_gmt":"2025-06-27T13:00:46","guid":{"rendered":"https:\/\/ip.uek.krakow.pl\/kpcgpm\/?post_type=employee&#038;p=2488"},"modified":"2025-11-27T11:01:15","modified_gmt":"2025-11-27T10:01:15","slug":"figura-goralczyk-edyta","status":"publish","type":"employee","link":"https:\/\/ip.uek.krakow.pl\/kpcgpm\/employee\/figura-goralczyk-edyta\/","title":{"rendered":"Figura-G\u00f3ralczyk Edyta"},"content":{"rendered":"\n<p><strong>Adiunkt \u2013 doktor nauk prawnych; radca prawny.<\/strong><\/p>\n\n\n\n<p>Adiunkt w Katedrze Prawa Cywilnego, Gospodarczego i Prywatnego Mi\u0119dzynarodowego Instytutu Prawa w Kolegium Ekonomii Finans\u00f3w i Prawa w Krakowie<\/p>\n\n\n\n<p>Uko\u0144czy\u0142a kierunek prawo na Wydziale Prawa i Administracji Uniwersytetu Jagiello\u0144skiego w Krakowie w 2006 r., a w 2016 r. uzyska\u0142a stopie\u0144 naukowy doktora nauk prawnych na podstawie rozprawy doktorskiej pt. Nieuczciwa konkurencja w prawie prywatnym mi\u0119dzynarodowym. Praca doktorska uzyska\u0142a Nagrod\u0119 Ministra Nauki i Szkolnictwa Wy\u017cszego w 2016 roku w XIV edycji konkursu na prac\u0119 naukow\u0105 z zakresu ochrony w\u0142asno\u015bci intelektualnej organizowanym przez Urz\u0105d Patentowy RP.<\/p>\n\n\n\n<p>Jest r\u00f3wnie\u017c absolwentk\u0105 Wydzia\u0142u Finans\u00f3w na Uniwersytecie Ekonomicznym w Krakowie na kierunku finanse i rachunkowo\u015b\u0107, kt\u00f3ry uko\u0144czy\u0142a w 2008 r. Uko\u0144czy\u0142a tak\u017ce Szko\u0142\u0119 Prawa Ameryka\u0144skiego, Szko\u0142\u0119 Prawa Francuskiego, Szko\u0142\u0119 Prawa Niemieckiego oraz Szko\u0142\u0119 Prawa Austriackiego. Odby\u0142a r\u00f3wnie\u017c w ramach programu Erasmus p\u00f3\u0142roczne studia na Uniwersytecie Montpellier I we Francji w 2005 roku. W 2007 r. uczestniczy\u0142a w Szkole Letniej Prawa Prywatnego Mi\u0119dzynarodowego przy Pa\u0142acu Pokoju w Hadze. W 2010 r. odby\u0142a trzymiesi\u0119czny sta\u017c badawczy w Instytucie Maxa-Plancka w Hamburgu. Od 2011 r. jest radc\u0105 prawnym przy Okr\u0119gowej Izbie Radc\u00f3w Prawnych w Krakowie. Od 2012 roku pracuje na Uniwersytecie Ekonomicznym w Krakowie.<\/p>\n\n\n\n<p>Autorka i wsp\u00f3\u0142autorka licznych publikacji naukowych i specjalistycznych przede wszystkim z dziedziny prawa prywatnego mi\u0119dzynarodowego.<\/p>\n\n\n\n<p><strong>Specjalizacje i zainteresowania naukowe:<\/strong><\/p>\n\n\n\n<p>Prawo prywatne mi\u0119dzynarodowe; mi\u0119dzynarodowe post\u0119powanie cywilne; zwalczanie nieuczciwej konkurencji.<\/p>\n\n\n\n<p><strong>J\u0119zyki obce:<\/strong><\/p>\n\n\n\n<p>j. angielski, j. niemiecki, j. francuski, j. hiszpa\u0144ski<\/p>\n","protected":false},"featured_media":0,"menu_order":0,"template":"","meta":{"_acf_changed":false,"footnotes":""},"category-employee":[],"class_list":["post-2488","employee","type-employee","status-publish","hentry"],"acf":{"employee__name":"Edyta","employee__lastname":"Figura-G\u00f3ralczyk","employee__prefix":"dr","employee__sufix":"","employee__function":"","employee__email":"figurae@uek.krakow.pl","employee__phone":"12 293 51 92","employee__room":"Budynek Biblioteki, pok\u00f3j 417A","employee__moodle":"https:\/\/e-uczelnia.uek.krakow.pl\/course\/view.php?id=629#section-0","employee__dorobek":"https:\/\/bazybg.uek.krakow.pl\/dorobek\/welcome\/raport\/5476\/0\/0","employee__ORCID":"https:\/\/orcid.org\/0000-0003-4403-4707","employee__db__loop":null,"employee__meetings":""},"featured_image_src":null,"_links":{"self":[{"href":"https:\/\/ip.uek.krakow.pl\/kpcgpm\/wp-json\/wp\/v2\/employee\/2488","targetHints":{"allow":["GET"]}}],"collection":[{"href":"https:\/\/ip.uek.krakow.pl\/kpcgpm\/wp-json\/wp\/v2\/employee"}],"about":[{"href":"https:\/\/ip.uek.krakow.pl\/kpcgpm\/wp-json\/wp\/v2\/types\/employee"}],"version-history":[{"count":1,"href":"https:\/\/ip.uek.krakow.pl\/kpcgpm\/wp-json\/wp\/v2\/employee\/2488\/revisions"}],"predecessor-version":[{"id":2489,"href":"https:\/\/ip.uek.krakow.pl\/kpcgpm\/wp-json\/wp\/v2\/employee\/2488\/revisions\/2489"}],"wp:attachment":[{"href":"https:\/\/ip.uek.krakow.pl\/kpcgpm\/wp-json\/wp\/v2\/media?parent=2488"}],"wp:term":[{"taxonomy":"category-employee","embeddable":true,"href":"https:\/\/ip.uek.krakow.pl\/kpcgpm\/wp-json\/wp\/v2\/category-employee?post=2488"}],"curies":[{"name":"wp","href":"https:\/\/api.w.org\/{rel}","templated":true}]}}

Figura-Góralczyk Edyta

<p><strong>Adiunkt – doktor nauk prawnych; radca prawny.</strong></p>



<p>Adiunkt w Katedrze Prawa Cywilnego, Gospodarczego i Prywatnego Międzynarodowego Instytutu Prawa w Kolegium Ekonomii Finansów i Prawa w Krakowie</p>



<p>Ukończyła kierunek prawo na Wydziale Prawa i Administracji Uniwersytetu Jagiellońskiego w Krakowie w 2006 r., a w 2016 r. uzyskała stopień naukowy doktora nauk prawnych na podstawie rozprawy doktorskiej pt. Nieuczciwa konkurencja w prawie prywatnym międzynarodowym. Praca doktorska uzyskała Nagrodę Ministra Nauki i Szkolnictwa Wyższego w 2016 roku w XIV edycji konkursu na pracę naukową z zakresu ochrony własności intelektualnej organizowanym przez Urząd Patentowy RP.</p>



<p>Jest również absolwentką Wydziału Finansów na Uniwersytecie Ekonomicznym w Krakowie na kierunku finanse i rachunkowość, który ukończyła w 2008 r. Ukończyła także Szkołę Prawa Amerykańskiego, Szkołę Prawa Francuskiego, Szkołę Prawa Niemieckiego oraz Szkołę Prawa Austriackiego. Odbyła również w ramach programu Erasmus półroczne studia na Uniwersytecie Montpellier I we Francji w 2005 roku. W 2007 r. uczestniczyła w Szkole Letniej Prawa Prywatnego Międzynarodowego przy Pałacu Pokoju w Hadze. W 2010 r. odbyła trzymiesięczny staż badawczy w Instytucie Maxa-Plancka w Hamburgu. Od 2011 r. jest radcą prawnym przy Okręgowej Izbie Radców Prawnych w Krakowie. Od 2012 roku pracuje na Uniwersytecie Ekonomicznym w Krakowie.</p>



<p>Autorka i współautorka licznych publikacji naukowych i specjalistycznych przede wszystkim z dziedziny prawa prywatnego międzynarodowego.</p>



<p><strong>Specjalizacje i zainteresowania naukowe:</strong></p>



<p>Prawo prywatne międzynarodowe; międzynarodowe postępowanie cywilne; zwalczanie nieuczciwej konkurencji.</p>



<p><strong>Języki obce:</strong></p>



<p>j. angielski, j. niemiecki, j. francuski, j. hiszpański</p>

Figura-Góralczyk

Budynek Biblioteki, pokój 417A
