{"id":66,"date":"2025-05-15T13:39:35","date_gmt":"2025-05-15T11:39:35","guid":{"rendered":"https:\/\/institutes.uek.krakow.pl\/kpk\/?post_type=employee&#038;p=66"},"modified":"2025-11-27T11:00:22","modified_gmt":"2025-11-27T10:00:22","slug":"bergel-tomasz","status":"publish","type":"employee","link":"https:\/\/ip.uek.krakow.pl\/kpk\/employee\/bergel-tomasz\/","title":{"rendered":"Bergel Tomasz"},"content":{"rendered":"\n<p><strong>Doktor nauk prawnych<\/strong><\/p>\n\n\n\n<p><strong>ORCID<\/strong>: 0009-0002-1508-0085<\/p>\n\n\n\n<p><strong>dr Tomasz Bergel<\/strong><\/p>\n\n\n\n<p>Asystent w grupie pracownik\u00f3w badawczo-dydaktycznych w Katedrze Prawa Karnego, Instytucie Prawa w Kolegium Ekonomii Finans\u00f3w i Prawa. Absolwent Wydzia\u0142u Prawa i Administracji Uniwersytetu Jagiello\u0144skiego w Krakowie.<br>Stopie\u0144 naukowy doktora nauk prawnych uzyska\u0142 na podstawie rozprawy doktorskiej pt. \u201eZasada dyspozycyjno\u015bci materialnej w procesie karnym\u201d, napisanej pod kierunkiem dr. hab. Andrzeja \u015awiat\u0142owskiego, prof. UJ i obronionej na Uniwersytecie Jagiello\u0144skim w 2022 roku.<br>Od 2017 roku, gdy uko\u0144czy\u0142 aplikacj\u0119 radcowsk\u0105, radca prawny w Okr\u0119gowej Izbie Radc\u00f3w Prawnych w Krakowie.<\/p>\n\n\n\n<p>Praktyk prowadz\u0105cy kancelari\u0119 radcy prawnego.<\/p>\n\n\n\n<h5 class=\"wp-block-heading\">Specjalizacje i zainteresowania naukowe:<\/h5>\n\n\n\n<p>Uprawnienia przys\u0142uguj\u0105ce stronom w procesie karnym, post\u0119powanie prywatnoskargowe oraz zagadnienia przedmiotu procesu.<\/p>\n","protected":false},"featured_media":0,"menu_order":0,"template":"","meta":{"_acf_changed":false,"footnotes":""},"category-employee":[],"class_list":["post-66","employee","type-employee","status-publish","hentry"],"acf":{"employee__name":"Tomasz","employee__lastname":"Bergel","employee__prefix":"dr","employee__sufix":"","employee__function":"","employee__email":"bergelt@uek.krakow.pl","employee__phone":"+48 12 293 51 89","employee__room":"Budynek Biblioteki G\u0142\u00f3wnej, pok. 417B","employee__moodle":"https:\/\/e-uczelnia.uek.krakow.pl\/course\/view.php?id=28515","employee__dorobek":"https:\/\/bazybg.uek.krakow.pl\/dorobek\/wyszukiwanie\/wyszukaj?termin=&opcja0=and&autor=Bergel+Tomasz&opcja1=and&tytul=&opcja2=and&zrodlo=&opcja3=and&klucz=&opcja4=and&jednostka=all&typ=all&od=all&do=all","employee__ORCID":"https:\/\/orcid.org\/0009-0002-1508-0085","employee__db__loop":null,"employee__meetings":""},"featured_image_src":null,"_links":{"self":[{"href":"https:\/\/ip.uek.krakow.pl\/kpk\/wp-json\/wp\/v2\/employee\/66","targetHints":{"allow":["GET"]}}],"collection":[{"href":"https:\/\/ip.uek.krakow.pl\/kpk\/wp-json\/wp\/v2\/employee"}],"about":[{"href":"https:\/\/ip.uek.krakow.pl\/kpk\/wp-json\/wp\/v2\/types\/employee"}],"version-history":[{"count":1,"href":"https:\/\/ip.uek.krakow.pl\/kpk\/wp-json\/wp\/v2\/employee\/66\/revisions"}],"predecessor-version":[{"id":67,"href":"https:\/\/ip.uek.krakow.pl\/kpk\/wp-json\/wp\/v2\/employee\/66\/revisions\/67"}],"wp:attachment":[{"href":"https:\/\/ip.uek.krakow.pl\/kpk\/wp-json\/wp\/v2\/media?parent=66"}],"wp:term":[{"taxonomy":"category-employee","embeddable":true,"href":"https:\/\/ip.uek.krakow.pl\/kpk\/wp-json\/wp\/v2\/category-employee?post=66"}],"curies":[{"name":"wp","href":"https:\/\/api.w.org\/{rel}","templated":true}]}}

<p><strong>Doktor nauk prawnych</strong></p>



<p><strong>ORCID</strong>: 0009-0002-1508-0085</p>



<p><strong>dr Tomasz Bergel</strong></p>



<p>Asystent w grupie pracowników badawczo-dydaktycznych w Katedrze Prawa Karnego, Instytucie Prawa w Kolegium Ekonomii Finansów i Prawa. Absolwent Wydziału Prawa i Administracji Uniwersytetu Jagiellońskiego w Krakowie.<br>Stopień naukowy doktora nauk prawnych uzyskał na podstawie rozprawy doktorskiej pt. „Zasada dyspozycyjności materialnej w procesie karnym”, napisanej pod kierunkiem dr. hab. Andrzeja Światłowskiego, prof. UJ i obronionej na Uniwersytecie Jagiellońskim w 2022 roku.<br>Od 2017 roku, gdy ukończył aplikację radcowską, radca prawny w Okręgowej Izbie Radców Prawnych w Krakowie.</p>



<p>Praktyk prowadzący kancelarię radcy prawnego.</p>



<h5 class="wp-block-heading">Specjalizacje i zainteresowania naukowe:</h5>



<p>Uprawnienia przysługujące stronom w procesie karnym, postępowanie prywatnoskargowe oraz zagadnienia przedmiotu procesu.</p>

Budynek Biblioteki Głównej, pok. 417B
