{"id":1868,"date":"2025-06-24T15:12:36","date_gmt":"2025-06-24T13:12:36","guid":{"rendered":"https:\/\/ip.uek.krakow.pl\/kpkazp\/?post_type=employee&#038;p=1868"},"modified":"2025-11-27T11:05:13","modified_gmt":"2025-11-27T10:05:13","slug":"nuzzo-beata","status":"publish","type":"employee","link":"https:\/\/ip.uek.krakow.pl\/kpkazp\/employee\/nuzzo-beata\/","title":{"rendered":"Nuzzo Beata"},"content":{"rendered":"\n<p>Adiunkt w Katedrze Prawa Konstytucyjnego, Administracyjnego i Zam\u00f3wie\u0144 Publicznych Instytutu Prawa w Kolegium Ekonomii Finans\u00f3w i Prawa w Krakowie. Wyk\u0142adowca na studiach podyplomowych Prawo zam\u00f3wie\u0144 publicznych organizowanych przez Uniwersytet Ekonomiczny w Krakowie.<\/p>\n\n\n\n<p>Studia wy\u017csze uko\u0144czy\u0142a na Wydziale Prawa i Administracji Uniwersytetu Jagiello\u0144skiego na kierunku Prawo uzyskuj\u0105c dyplom magisterski z wyr\u00f3\u017cnieniem. Praca magisterska z zakresu Prawa pracy, nagrodzona na Og\u00f3lnopolskim Konkursie na najlepsz\u0105 prac\u0119 magistersk\u0105 zorganizowanym przez Instytut Pracy P\u0142acy i Spraw Socjalnych przy Ministerstwie Pracy. Na tym samym Uniwersytecie uzyska\u0142a stopie\u0144 naukowy doktora nauk prawnych w zakresie prawa \u2013 praca doktorska o charakterze prawno-por\u00f3wnawczym z zakresu prawa pracy.<\/p>\n\n\n\n<p>Uzyska\u0142a te\u017c Dyplom 2\u00b0 European Master\u2019s Degree, uniwersytecka specjalizacja podyplomowa II stopnia, w dziedzinie \u201cPrawnopor\u00f3wnawcza Historia Instytucji Politycznych i Prawnych Kraj\u00f3w Europy\u201d, przyznany wsp\u00f3lnie przez Uniwersytet w Mesynie, Uniwersytet w Mediolanie, Uniwersytet w Kordobie, Uniwersytet w Madrycie. Praca dyplomowa: \u201eLa tutela dei diritti sociali nell\u2019epoca di globalizzazione\u201d (\u201eOchrona praw socjalnych w epoce globalizacji\u201d).<\/p>\n\n\n\n<p>Autorka licznych pozycji naukowych i specjalistycznych. Prelegentka na krajowych i mi\u0119dzynarodowych konferencjach naukowych.<br>G\u0142\u00f3wny Wykonawca projektu badawczego \u201eSuwerenno\u015b\u0107 \u2013 przemiany kategorii w uj\u0119ciu teoretycznym\u201d sfinansowanego ze \u015brodk\u00f3w Narodowego Centrum Nauki.<\/p>\n\n\n\n<p>Cz\u0142onek w\u0142oskiego Towarzystwa Naukowego \u201eAccademia Peloritana dei Pericolanti\u201d\u2013 Oddzia\u0142 Nauk Prawnych, Ekonomicznych i Politycznych.<\/p>\n\n\n\n<p>Przek\u0142ady z j\u0119zyka w\u0142oskiego na j\u0119zyk polski serii pozycji ksi\u0105\u017ckowych z dziedziny psychologii, historii prawa, prawa rodzinnego. Wsp\u00f3\u0142autorka S\u0142ownika Prawniczego w\u0142osko\u2013polskiego.<\/p>\n\n\n\n<h3 class=\"wp-block-heading\">Specjalizacje i zainteresowania naukowe:<\/h3>\n\n\n\n<p>Prawo zam\u00f3wie\u0144 publicznych, zagadnienia zwi\u0105zane z elektronizacj\u0105 procedur administracyjnych oraz zam\u00f3wie\u0144 publicznych, prawo konstytucyjne, ewolucja polityczno-prawnej koncepcji suwerenno\u015bci pa\u0144stwa.<\/p>\n\n\n\n<h3 class=\"wp-block-heading\">J\u0119zyki obce:<\/h3>\n\n\n\n<p>j. w\u0142oski, j. hiszpa\u0144ski, j. rosyjski, j.angielski<\/p>\n","protected":false},"featured_media":0,"menu_order":0,"template":"","meta":{"_acf_changed":false,"footnotes":""},"category-employee":[],"class_list":["post-1868","employee","type-employee","status-publish","hentry"],"acf":{"employee__name":"Beata","employee__lastname":"Nuzzo","employee__prefix":"dr","employee__sufix":"","employee__function":"","employee__email":"beata.nuzzo@uek.krakow.pl","employee__phone":"+48 12 293 56 99","employee__room":"Biblioteka g\u0142., pok. 424B","employee__moodle":"https:\/\/e-uczelnia.uek.krakow.pl\/course\/view.php?id=5487","employee__dorobek":"https:\/\/drd.uek.krakow.pl\/employee\/6187","employee__ORCID":"https:\/\/orcid.org\/0000-0001-9320-5627","employee__db__loop":null,"employee__meetings":""},"featured_image_src":null,"_links":{"self":[{"href":"https:\/\/ip.uek.krakow.pl\/kpkazp\/wp-json\/wp\/v2\/employee\/1868","targetHints":{"allow":["GET"]}}],"collection":[{"href":"https:\/\/ip.uek.krakow.pl\/kpkazp\/wp-json\/wp\/v2\/employee"}],"about":[{"href":"https:\/\/ip.uek.krakow.pl\/kpkazp\/wp-json\/wp\/v2\/types\/employee"}],"version-history":[{"count":4,"href":"https:\/\/ip.uek.krakow.pl\/kpkazp\/wp-json\/wp\/v2\/employee\/1868\/revisions"}],"predecessor-version":[{"id":1872,"href":"https:\/\/ip.uek.krakow.pl\/kpkazp\/wp-json\/wp\/v2\/employee\/1868\/revisions\/1872"}],"wp:attachment":[{"href":"https:\/\/ip.uek.krakow.pl\/kpkazp\/wp-json\/wp\/v2\/media?parent=1868"}],"wp:term":[{"taxonomy":"category-employee","embeddable":true,"href":"https:\/\/ip.uek.krakow.pl\/kpkazp\/wp-json\/wp\/v2\/category-employee?post=1868"}],"curies":[{"name":"wp","href":"https:\/\/api.w.org\/{rel}","templated":true}]}}

<p>Adiunkt w Katedrze Prawa Konstytucyjnego, Administracyjnego i Zamówień Publicznych Instytutu Prawa w Kolegium Ekonomii Finansów i Prawa w Krakowie. Wykładowca na studiach podyplomowych Prawo zamówień publicznych organizowanych przez Uniwersytet Ekonomiczny w Krakowie.</p>



<p>Studia wyższe ukończyła na Wydziale Prawa i Administracji Uniwersytetu Jagiellońskiego na kierunku Prawo uzyskując dyplom magisterski z wyróżnieniem. Praca magisterska z zakresu Prawa pracy, nagrodzona na Ogólnopolskim Konkursie na najlepszą pracę magisterską zorganizowanym przez Instytut Pracy Płacy i Spraw Socjalnych przy Ministerstwie Pracy. Na tym samym Uniwersytecie uzyskała stopień naukowy doktora nauk prawnych w zakresie prawa – praca doktorska o charakterze prawno-porównawczym z zakresu prawa pracy.</p>



<p>Uzyskała też Dyplom 2° European Master’s Degree, uniwersytecka specjalizacja podyplomowa II stopnia, w dziedzinie “Prawnoporównawcza Historia Instytucji Politycznych i Prawnych Krajów Europy”, przyznany wspólnie przez Uniwersytet w Mesynie, Uniwersytet w Mediolanie, Uniwersytet w Kordobie, Uniwersytet w Madrycie. Praca dyplomowa: „La tutela dei diritti sociali nell’epoca di globalizzazione” („Ochrona praw socjalnych w epoce globalizacji”).</p>



<p>Autorka licznych pozycji naukowych i specjalistycznych. Prelegentka na krajowych i międzynarodowych konferencjach naukowych.<br>Główny Wykonawca projektu badawczego „Suwerenność – przemiany kategorii w ujęciu teoretycznym” sfinansowanego ze środków Narodowego Centrum Nauki.</p>



<p>Członek włoskiego Towarzystwa Naukowego „Accademia Peloritana dei Pericolanti”– Oddział Nauk Prawnych, Ekonomicznych i Politycznych.</p>



<p>Przekłady z języka włoskiego na język polski serii pozycji książkowych z dziedziny psychologii, historii prawa, prawa rodzinnego. Współautorka Słownika Prawniczego włosko–polskiego.</p>



<h3 class="wp-block-heading">Specjalizacje i zainteresowania naukowe:</h3>



<p>Prawo zamówień publicznych, zagadnienia związane z elektronizacją procedur administracyjnych oraz zamówień publicznych, prawo konstytucyjne, ewolucja polityczno-prawnej koncepcji suwerenności państwa.</p>



<h3 class="wp-block-heading">Języki obce:</h3>



<p>j. włoski, j. hiszpański, j. rosyjski, j.angielski</p>

Biblioteka gł., pok. 424B
