{"id":17,"date":"2025-05-15T10:13:22","date_gmt":"2025-05-15T08:13:22","guid":{"rendered":"https:\/\/institutes.uek.krakow.pl\/kpkazp\/?page_id=17"},"modified":"2025-06-27T14:18:25","modified_gmt":"2025-06-27T12:18:25","slug":"o-katedrze","status":"publish","type":"page","link":"https:\/\/ip.uek.krakow.pl\/kpkazp\/o-katedrze\/","title":{"rendered":"O Katedrze"},"content":{"rendered":"\n<h2 class=\"wp-block-heading has-kp-primary-color has-text-color has-link-color wp-elements-ce39e181f764ce1918df48df5db4456b\">Katedra Prawa Konstytucyjnego Administracyjnego i Zam\u00f3wie\u0144 Publicznych<\/h2>\n\n\n\n<p><strong>Katedra Prawa Konstytucyjnego Administracyjnego i Zam\u00f3wie\u0144 Publicznych<\/strong> powsta\u0142a w 2014 r. poprzez wyodr\u0119bnienie jej ze struktury Katedry Prawa Cywilnego i Gospodarczego.<\/p>\n\n\n\n<p>Kierownikiem Katedry Katedra Prawa Konstytucyjnego Administracyjnego i Zam\u00f3wie\u0144 Publicznych jest <strong>Prof. UEK dr hab. Ryszard Szostak<\/strong>.<\/p>\n\n\n\n<ul class=\"wp-block-list\"><\/ul>\n\n\n\n<p>Pracownicy Katedry Prawa Konstytucyjnego Administracyjnego i Zam\u00f3wie\u0144 Publicznych prowadz\u0105 badania naukowe i zaj\u0119cia dydaktyczne obejmuj\u0105ce zagadnienia z zakresu prawa publicznego, w tym szczeg\u00f3lno\u015bci:<\/p>\n\n\n\n<ul class=\"wp-block-list\">\n<li>administracyjnego,<\/li>\n\n\n\n<li>budowlanego<\/li>\n\n\n\n<li>finansowego<\/li>\n\n\n\n<li>konstytucyjnego<\/li>\n\n\n\n<li>post\u0119powania administracyjnego,<\/li>\n\n\n\n<li>post\u0119powania s\u0105dowo-administracyjnego,<\/li>\n\n\n\n<li>samorz\u0105du terytorialnego,<\/li>\n\n\n\n<li>um\u00f3w w administracji publicznej,<\/li>\n\n\n\n<li>zam\u00f3wie\u0144 publicznych.<\/li>\n<\/ul>\n\n\n\n<p>Katedra organizuje cykliczne Konferencje Naukowe Prawa Zam\u00f3wie\u0144 Publicznych skupiaj\u0105ce przedstawicieli nauki i praktyki prawa (s\u0119dzi\u00f3w s\u0105d\u00f3w powszechnych i administracyjnych, radc\u00f3w prawnych, urz\u0119dnik\u00f3w, przedstawicieli wykonawc\u00f3w).<\/p>\n","protected":false},"excerpt":{"rendered":"<p>Witamy na stronach internetowych Katedry Prawa Konstytucyjnego Administracyjnego i Zam\u00f3wie\u0144 Publicznych<\/p>\n","protected":false},"author":1,"featured_media":0,"parent":0,"menu_order":0,"comment_status":"closed","ping_status":"closed","template":"templates\/page-blocks.php","meta":{"_acf_changed":false,"footnotes":""},"class_list":["post-17","page","type-page","status-publish","hentry"],"acf":[],"_links":{"self":[{"href":"https:\/\/ip.uek.krakow.pl\/kpkazp\/wp-json\/wp\/v2\/pages\/17","targetHints":{"allow":["GET"]}}],"collection":[{"href":"https:\/\/ip.uek.krakow.pl\/kpkazp\/wp-json\/wp\/v2\/pages"}],"about":[{"href":"https:\/\/ip.uek.krakow.pl\/kpkazp\/wp-json\/wp\/v2\/types\/page"}],"author":[{"embeddable":true,"href":"https:\/\/ip.uek.krakow.pl\/kpkazp\/wp-json\/wp\/v2\/users\/1"}],"replies":[{"embeddable":true,"href":"https:\/\/ip.uek.krakow.pl\/kpkazp\/wp-json\/wp\/v2\/comments?post=17"}],"version-history":[{"count":20,"href":"https:\/\/ip.uek.krakow.pl\/kpkazp\/wp-json\/wp\/v2\/pages\/17\/revisions"}],"predecessor-version":[{"id":125,"href":"https:\/\/ip.uek.krakow.pl\/kpkazp\/wp-json\/wp\/v2\/pages\/17\/revisions\/125"}],"wp:attachment":[{"href":"https:\/\/ip.uek.krakow.pl\/kpkazp\/wp-json\/wp\/v2\/media?parent=17"}],"curies":[{"name":"wp","href":"https:\/\/api.w.org\/{rel}","templated":true}]}}